{"id":107,"date":"2020-04-16T14:18:53","date_gmt":"2020-04-16T17:18:53","guid":{"rendered":"https:\/\/rmprodutoseservicos.com.br\/loja\/?post_type=product&#038;p=107"},"modified":"2024-06-16T17:24:26","modified_gmt":"2024-06-16T20:24:26","slug":"vidro-temperado-incolor-08mm-metro-quadrado","status":"publish","type":"product","link":"https:\/\/rmprodutoseservicos.com.br\/loja\/produto\/vidro-temperado-incolor-08mm-metro-quadrado\/","title":{"rendered":"Vidro temperado incolor 08mm (metro quadrado)"},"content":{"rendered":"<p><strong>OBRAS PARA FORA DO RIO DE JANEIRO, SOMENTE ACIMA DE 200M\u00b2<\/strong><br \/>\nVidro temperado incolor 8mm (metro quadrado)<br \/>\nValor ref. ao metro quadrado<br \/>\nValor j\u00e1 inclui instala\u00e7\u00e3o no caval\u00e3o<\/p>\n","protected":false},"excerpt":{"rendered":"<p>OBRAS PARA FORA DO RIO DE JANEIRO, SOMENTE ACIMA DE 200M\u00b2 Vidro temperado incolor 8mm (metro quadrado) Valor ref. ao metro quadrado Valor j\u00e1 inclui instala\u00e7\u00e3o no caval\u00e3o<\/p>\n","protected":false},"featured_media":106,"comment_status":"open","ping_status":"closed","template":"","meta":[],"product_cat":[16],"product_tag":[],"jetpack_sharing_enabled":true,"_links":{"self":[{"href":"https:\/\/rmprodutoseservicos.com.br\/loja\/wp-json\/wp\/v2\/product\/107"}],"collection":[{"href":"https:\/\/rmprodutoseservicos.com.br\/loja\/wp-json\/wp\/v2\/product"}],"about":[{"href":"https:\/\/rmprodutoseservicos.com.br\/loja\/wp-json\/wp\/v2\/types\/product"}],"replies":[{"embeddable":true,"href":"https:\/\/rmprodutoseservicos.com.br\/loja\/wp-json\/wp\/v2\/comments?post=107"}],"wp:featuredmedia":[{"embeddable":true,"href":"https:\/\/rmprodutoseservicos.com.br\/loja\/wp-json\/wp\/v2\/media\/106"}],"wp:attachment":[{"href":"https:\/\/rmprodutoseservicos.com.br\/loja\/wp-json\/wp\/v2\/media?parent=107"}],"wp:term":[{"taxonomy":"product_cat","embeddable":true,"href":"https:\/\/rmprodutoseservicos.com.br\/loja\/wp-json\/wp\/v2\/product_cat?post=107"},{"taxonomy":"product_tag","embeddable":true,"href":"https:\/\/rmprodutoseservicos.com.br\/loja\/wp-json\/wp\/v2\/product_tag?post=107"}],"curies":[{"name":"wp","href":"https:\/\/api.w.org\/{rel}","templated":true}]}}